{"id":106,"date":"2018-12-26T17:12:03","date_gmt":"2018-12-26T16:12:03","guid":{"rendered":"http:\/\/pl-jesenwang.de\/?page_id=106"},"modified":"2026-01-25T14:36:25","modified_gmt":"2026-01-25T13:36:25","slug":"piloten-infos","status":"publish","type":"page","link":"https:\/\/pl-jesenwang.de\/?page_id=106","title":{"rendered":"Infos EDMJ"},"content":{"rendered":"<p>EDMJ ist unser Heimatflugplatz<br \/>\nCa. 5 Flug-Minuten n\u00f6rdlich des Ammersee gelegen.<br \/>\n<span style=\"font-size: 1.5rem;\">F\u00fcr Nicht Piloten, 82287 Jesenwang in Oberbayern, ca. 10min Fahrzeit westlich von F\u00fcrstenfeldbruck.<br \/>\nWebCam (Ost) in EDMJ:\u00a0 \u00a0\u00a0<a href=\"https:\/\/pl-jesenwang.de\/?page_id=104\" rel=\"noopener\">WebCam in EDMJ<\/a><\/span><\/p>\n<p>&nbsp;<\/p>\n<p><span style=\"color: #ffff00;\"><strong>ACHTUNG FREQUENZ:\u00a0 120,055 MHz<br \/>\n<\/strong><\/span>(g\u00fcltig seit 07.12.2018)<\/p>\n<p>Sonderlandeplatz \/ Special Airfield<br \/>\n6 NM SW F\u00fcrstenfeldbruck Mil AD<br \/>\nFlugplatz Jesenwang GmbH,\u00a0Kirchstra\u00dfe 8,\u00a082287 Jesenwang,\u00a0Tel: +49-8146-95003\u00a0Fax: 95005<br \/>\nNfL I-112\/84, I-85\/93; NfL I-43\/90, I-51\/95<br \/>\nLink zur Website des Flugplatz Jesenwang:\u00a0<a href=\"https:\/\/www.flugplatz-jesenwang.de\/\" target=\"_blank\" rel=\"noopener\">https:\/\/www.flugplatz-jesenwang.de\/<\/a><br \/>\nGoogle Maps Link zum Flugplatz:\u00a0 \u00a0 \u00a0 \u00a0 \u00a0 \u00a0 \u00a0 \u00a0 \u00a0<a href=\"https:\/\/goo.gl\/maps\/C6gvtt9SHWr\" target=\"_blank\" rel=\"noopener\">Flugplatz Jesenwang in Google Maps<\/a><\/p>\n<p>&nbsp;<\/p>\n<p>&nbsp;<\/p>\n<p>&nbsp;<\/p>\n<p>Am Flugplatz sind weiters folgende Betriebe beheimatet:<br \/>\nAirCharter GmbH\u00a0 \u00a0 \u00a0 \u00a0 \u00a0 \u00a0 \u00a0 \u00a0 \u00a0 \u00a0 \u00a0 \u00a0 \u00a0 \u00a0 \u00a0 \u00a0 \u00a0 \u00a0 \u00a0 \u00a0 \u00a0 \u00a0 \u00a0 \u00a0<a href=\"http:\/\/www.airchartergmbh.de\/\" target=\"_blank\" rel=\"noopener\">http:\/\/www.airchartergmbh.de\/<\/a><br \/>\nFlugplatz Restaurant Fly In &amp; Hotel St. Blasius\u00a0<a href=\"http:\/\/www.hotel-blasius-jesenwang.de\" target=\"_blank\" rel=\"noopener\">http:\/\/www.hotel-blasius-jesenwang.de<\/a><br \/>\nGilwa Luftfahrttechnik GmbH\u00a0 \u00a0 \u00a0 \u00a0 \u00a0 \u00a0 \u00a0 \u00a0 \u00a0 \u00a0 \u00a0 \u00a0 \u00a0 \u00a0 \u00a0<a href=\"https:\/\/www.flugplatz-jesenwang.de\/luftfahrttechnik.html\" target=\"_blank\" rel=\"noopener\">https:\/\/www.flugplatz-jesenwang.de\/luftfahrttechnik.html<\/a><br \/>\nFlugschule Jesenwang\u00a0 \u00a0 \u00a0 \u00a0 \u00a0 \u00a0 \u00a0 \u00a0 \u00a0 \u00a0 \u00a0 \u00a0 \u00a0 \u00a0 \u00a0 \u00a0 \u00a0 \u00a0 \u00a0 <a href=\"http:\/\/www.flugschule-jesenwang.de\" target=\"_blank\" rel=\"noopener\">http:\/\/www.flugschule-jesenwang.de<\/a><\/p>\n<p>&nbsp;<\/p>\n<p>&nbsp;<\/p>\n<p>&nbsp;<\/p>\n","protected":false},"excerpt":{"rendered":"<p>EDMJ ist unser Heimatflugplatz Ca. 5 Flug-Minuten n\u00f6rdlich des Ammersee gelegen. F\u00fcr Nicht Piloten, 82287 Jesenwang in Oberbayern, ca. 10min Fahrzeit westlich von F\u00fcrstenfeldbruck. WebCam (Ost) in EDMJ:\u00a0 \u00a0\u00a0WebCam in EDMJ &nbsp; ACHTUNG FREQUENZ:\u00a0 120,055 MHz (g\u00fcltig seit 07.12.2018) Sonderlandeplatz \/ Special Airfield 6 NM SW F\u00fcrstenfeldbruck Mil AD Flugplatz Jesenwang GmbH,\u00a0Kirchstra\u00dfe 8,\u00a082287 Jesenwang,\u00a0Tel: +49-8146-95003\u00a0Fax: <a class=\"more-link\" href=\"https:\/\/pl-jesenwang.de\/?page_id=106\">weiterlesen&#8230;<\/a><\/p>\n","protected":false},"author":1,"featured_media":0,"parent":0,"menu_order":6,"comment_status":"closed","ping_status":"closed","template":"","meta":{"footnotes":""},"class_list":["post-106","page","type-page","status-publish","hentry"],"_links":{"self":[{"href":"https:\/\/pl-jesenwang.de\/index.php?rest_route=\/wp\/v2\/pages\/106","targetHints":{"allow":["GET"]}}],"collection":[{"href":"https:\/\/pl-jesenwang.de\/index.php?rest_route=\/wp\/v2\/pages"}],"about":[{"href":"https:\/\/pl-jesenwang.de\/index.php?rest_route=\/wp\/v2\/types\/page"}],"author":[{"embeddable":true,"href":"https:\/\/pl-jesenwang.de\/index.php?rest_route=\/wp\/v2\/users\/1"}],"replies":[{"embeddable":true,"href":"https:\/\/pl-jesenwang.de\/index.php?rest_route=%2Fwp%2Fv2%2Fcomments&post=106"}],"version-history":[{"count":33,"href":"https:\/\/pl-jesenwang.de\/index.php?rest_route=\/wp\/v2\/pages\/106\/revisions"}],"predecessor-version":[{"id":700,"href":"https:\/\/pl-jesenwang.de\/index.php?rest_route=\/wp\/v2\/pages\/106\/revisions\/700"}],"wp:attachment":[{"href":"https:\/\/pl-jesenwang.de\/index.php?rest_route=%2Fwp%2Fv2%2Fmedia&parent=106"}],"curies":[{"name":"wp","href":"https:\/\/api.w.org\/{rel}","templated":true}]}}